 of h and 18.
2
Suppose -616*w + 630*w - 771 + 155 = 0. Calculate the greatest common divisor of w and 748.
44
Let b be 60/(-72)*-36 + -6. Let s be (42/10)/((-2)/(-10)). Calculate the highest common factor of s and b.
3
Let y be (-507*2/1)/(8/(-76)). What is the highest common divisor of 78 and y?
39
Let s = -55 + 225. Let o = -177 + 273. Let u = -79 + o. Calculate the highest common factor of s and u.
17
Let a = 5 - 2. Suppose 0 = -12*n + 164 - 20. Suppose -s - 3*m + 3 = 0, -2*m - n + 34 = 4*s. What is the greatest common divisor of a and s?
3
Suppose -2*p + 4810 = 4*v, 17*p + 4846 = 19*p - 5*v. Calculate the greatest common factor of 889 and p.
127
Let z be ((-2508)/(-190))/((-2)/((-10)/(-1 + 2))). Calculate the greatest common factor of 308 and z.
22
Let p be (((-360)/(-105))/(-8))/(1/(-14)). Let v be (-3 + 1)/(4/(-42)). What is the highest common divisor of v and p?
3
Let v be 11 + (-1)/((-4)/8). Let h(d) = 3*d**2 + 32*d + 81. Let q be h(-14). Calculate the highest common divisor of q and v.
13
Let f(j) = -23*j**2 + 235*j - 6. Let x be f(10). What is the highest common factor of 1100 and x?
44
Suppose 0 = 5*m + 5*l + 30, 3*l - 8*l + 12 = -m. Let y be -6*10/30 - (m + 0). Calculate the highest common divisor of 10 and y.
5
Let m be (-12)/(-10)*(-79135)/(-98). Calculate the highest common divisor of m and 408.
51
Let u(a) = 5*a - 16. Let i be u(4). Suppose 2*w - 16 = -n, -35*w = -i*n - 31*w + 112. What is the greatest common factor of 72 and n?
24
Suppose -8*x + t = -12*x - 1, 0 = -x + t + 1. Let l(h) = h**3 - 6*h**2 + 3*h + 6. Let r be l(6). Let v = r - x. What is the highest common factor of v and 8?
8
Suppose -8107*g = -8105*g - 18. Calculate the highest common divisor of 573 and g.
3
Suppose 3*k - 96 = 5*b + 65, -b = -2*k + 98. Calculate the highest common divisor of k and 11468.
47
Let f = 8941 - 8932. What is the greatest common factor of 1929 and f?
3
Suppose 2089*v + 2277 = 2100*v. What is the greatest common divisor of v and 36?
9
Let z(g) = -2 + 0 - 8*g**2 + 0*g - g**3 + 13*g + 4. Let c be z(-10). Let m be 1/2*(c + 10). What is the highest common divisor of 123 and m?
41
Let d be 3 - 3/(-2)*86. Let i(f) = -f**2 + f + 35. Let u be i(6). Suppose -u*q = 2*p + 3, -2*p - q = 2*q - 7. Calculate the greatest common factor of d and p.
11
Let z = -2 - -13. Suppose 5*u + 6 = 2*r + 3, r - 5*u + z = 0. Suppose -64*x + 2801 + 783 = 0. Calculate the highest common divisor of x and r.
14
Let o = 337 + -737. Suppose -50*n = -11*n - 390. Let p be (24/(-5))/(n/o). Calculate the highest common factor of 24 and p.
24
Let r(a) = -204*a + 1662. Let v be r(7). Calculate the greatest common factor of 338 and v.
26
Let w(g) = -g**3 + 40*g**2 - 221*g - 31. Let l be w(20). Calculate the highest common factor of 42 and l.
21
Let f(o) = 72*o + 72. Let g be f(5). Let a(p) = -35*p - 8. Let s be a(-1). Calculate the highest common factor of s and g.
27
Let g(l) = -37*l + 97. Let d be g(-12). Suppose 6*b - 53 = d. What is the greatest common divisor of b and 11?
11
Suppose -5 = -5*u - 2*p + 11, -4 = u + p. Let n = 43 + -23. What is the highest common factor of u and n?
4
Suppose -5*u + 145 = 5*m, -958*u + 953*u = 3*m - 131. Let q(f) = -177*f**3 - 2*f**2 - 2*f - 1. Let s be q(-1). What is the greatest common divisor of u and s?
22
Let r(y) = -2 - 13*y**2 + 19 + 25 + 12*y**2 + 19*y. Let t be r(16). Calculate the highest common divisor of t and 10.
10
Suppose -2*u - 261 = k + 508, -u + 778 = -k. Let d be k/(-125) - 2/10. Let t = 16 + -7. What is the greatest common factor of d and t?
3
Suppose 28*t + t + 13*t - 294 = 0. Let k be (46/(-5) - 2)*-5. What is the highest common factor of k and t?
7
Let f(o) = -358*o + 3024. Let d be f(-5). Calculate the highest common factor of 664 and d.
166
Let k be ((-121)/3 - 0)*-3. Let u = -73784 + 73806. What is the highest common factor of u and k?
11
Let p = 22287 - 22196. What is the greatest common divisor of p and 45409?
91
Let u(a) = 13*a - 37. Let k be u(3). Suppose -5*w - 2*f + 16 = k*f, -3*f - 3 = 0. What is the highest common divisor of w and 3?
1
Let l(f) be the third derivative of 8*f**2 + 0 + 0*f + 5*f**3 - 1/12*f**4. Let u be l(13). What is the highest common factor of 20 and u?
4
Let d be (-14)/(-4) - 1/2. Let h be (d/(-2))/((-1)/32). Let z = 29188 - 29156. Calculate the greatest common factor of h and z.
16
Suppose 89*j + 280 = 3*u + 85*j, -2*u + 5*j = -168. What is the greatest common divisor of u and 8346?
26
Let u be ((-2)/4)/(2/(-24)). Let c(y) = 3*y**2 - 162*y + 162. Suppose 763*a - 636 = 751*a. Let f be c(a). What is the greatest common factor of f and u?
3
Let r = -27 + 54. Suppose 2*x = -13 + r. Suppose -2*n + 2*w = -14, 28 = x*n - 2*n + 2*w. Calculate the greatest common factor of 42 and n.
6
Let b(l) = -269*l + 535. Let c be b(-3). What is the highest common divisor of 44 and c?
22
Suppose -429*r = -444*r + 3015. What is the highest common factor of r and 4757?
67
Let q be 8*(-1 - (-12)/8)*-1. Let g(j) = 2*j**2 + 4*j - 7. Let z be g(q). Calculate the greatest common divisor of 63 and z.
9
Let a be 105/(-42)*9/(-4)*600/9. What is the highest common factor of 9 and a?
3
Suppose -59 = -4*a + 3*q, a - 25 = -a - 3*q. Suppose 5*o - 3*o = -a. Let j = 10 + o. Calculate the greatest common divisor of j and 12.
3
Suppose 21 = v - 21. Let f = -37 + v. Suppose -2*i + 266 = -f*c, 3*i + 5*c = 305 + 69. Calculate the greatest common divisor of 32 and i.
32
Let t = 64 - -4145. What is the greatest common factor of t and 69?
69
Let o(q) = 21*q**2 + 34*q + 462. Let a be o(-10). What is the highest common divisor of 1010 and a?
202
Suppose 14 = k - f, 8*k - 5*k + f - 54 = 0. Suppose k*l - 24 = 78. Calculate the highest common factor of l and 342.
6
Let d(j) = 2*j**2 + 104*j + 1440. Let z be d(-32). Calculate the greatest common factor of 410 and z.
10
Suppose b + 8 = 5*v, -b + 0 + 4 = v. Suppose -3*n + 69 = b*t + 16, n + 49 = 2*t. What is the greatest common divisor of t and 45?
5
Suppose -4*h + 30 = -2*h - 5*j, h - 3*j = 15. Suppose 0 = 3*u - 3*o - 206 - 124, 190 = 2*u + 4*o. Calculate the greatest common factor of u and h.
15
Let v(r) = -3*r**3 + 10*r**2 + 8*r + 13. Let p be v(4). Suppose 24*j - p*j = 1089. Calculate the greatest common factor of j and 9.
9
Let y(h) be the first derivative of 7*h**2/2 + 9*h - 7. Let o be y(3). Suppose 0 = -3*g + 45 + o. What is the greatest common divisor of g and 275?
25
Let t be (3*(-15)/12)/((-3)/104). Suppose t = -5*u + p + 368, -3*p + 179 = 4*u. Suppose u*v - 46*v = 4. Calculate the greatest common factor of 4 and v.
4
Suppose 2608*p - 2601*p = 224. Let u(k) = -25*k - 1. Let f be u(-1). What is the highest common factor of p and f?
8
Suppose 2*a + 2 = 0, 5*y + a + 0*a = 369. Let o = -31 + y. Let v = -16 + o. Calculate the highest common divisor of v and 81.
27
Let r(z) = 41*z**2 - 3*z - 2. Let n be r(-2). Let q = n - -568. Calculate the greatest common factor of q and 46.
46
Let m(w) = -3*w + 19. Let j be m(5). Let s be j/18 - 301/(-63). Suppose s*o = -4*d + 4*o + 4, -5*d = 5*o + 10. What is the highest common divisor of d and 18?
2
Let n = 16536 + -16528. What is the greatest common divisor of n and 436?
4
Suppose 14*y - 11*y = -4*m + 152, -5*y + 160 = 4*m. Calculate the highest common factor of 10 and m.
5
Let u = 4893 - 4885. What is the highest common divisor of 572 and u?
4
Let t(q) = -q**3 - 6*q**2 + 2*q + 72. Let o be t(-6). Let m be 957/10 + o/200. Calculate the highest common factor of 12 and m.
12
Let c = 2357 + -1587. Let l be 2/(10*2/c). What is the highest common factor of l and 11?
11
Suppose 15*r - 23*r = 21*r. Suppose 0*y + y - 3 = r. Calculate the greatest common divisor of y and 15.
3
Let u = -704 + 718. Suppose -25 - 23 = -3*k. Let o = 30 - k. What is the highest common divisor of u and o?
14
Let g(y) = 2*y**2 - y + 10. Let k be g(0). Suppose -k*o + 20*o = 560. What is the highest common divisor of 7 and o?
7
Let n(h) = -10*h**3 + 99*h**2 + 6*h + 55. Let f be n(10). Let r be (45/(-6))/((-1)/22). Calculate the greatest common factor of f and r.
15
Let r = 987 + -907. Suppose -n + 14 = -2*n - 2*z, 1 = z. Let v = n + 24. Calculate the highest common factor of r and v.
8
Let y(t) be the first derivative of -t**2 + 1/3*t**3 + 4*t - 18. Let j be y(4). What is the highe